{"id":12,"date":"2025-12-22T10:00:18","date_gmt":"2025-12-22T10:00:18","guid":{"rendered":"https:\/\/unis-pour-vinon.fr\/2026\/?page_id=12"},"modified":"2026-02-09T07:36:27","modified_gmt":"2026-02-09T07:36:27","slug":"accueil","status":"publish","type":"page","link":"https:\/\/unis-pour-vinon.fr\/2026\/","title":{"rendered":"Accueil"},"content":{"rendered":"\n<figure itemscope itemtype=\"https:\/\/schema.org\/ImageObject\">\n\t\t\t\t<img decoding=\"async\" src=\"https:\/\/unis-pour-vinon.fr\/2026\/wp-content\/uploads\/2026\/01\/Couverture-def.png\" alt=\"Couverture-def\" height=\"474\" width=\"1280\" title=\"Couverture-def\" onerror=\"this.style.display='none'\" loading=\"lazy\" \/>\n\t<\/figure>\n<h1>\n\t\t\tUnis pour Vinon\t<\/h1>\n\t<p>Pour Vinon, nous partageons un\u00a0<strong>attachement profond \u00e0 notre commune<\/strong>, \u00e0 notre cadre de vie, \u00e0 son \u00e9nergie et \u00e0 celles et ceux qui la font vivre chaque jour.<\/p>\n<p>La liste Unis pour Vinon est n\u00e9e d&rsquo;une conviction simple : l&rsquo;avenir de notre village se construit collectivement, dans le respect, l&rsquo;\u00e9coute et le sens de l&rsquo;int\u00e9r\u00eat g\u00e9n\u00e9ral.<\/p>\n<p>J&rsquo;ai rassembl\u00e9 une\u00a0<strong>\u00e9quipe renouvel\u00e9e<\/strong>, compos\u00e9e de femmes et d&rsquo;hommes d&rsquo;horizons diff\u00e9rents, engag\u00e9s et ancr\u00e9s dans la r\u00e9alit\u00e9 du quotidien vinonnais. Ensemble, nous faisons le choix d&rsquo;une action municipale s\u00e9rieuse, apais\u00e9e et utile, loin des postures, des effets d&rsquo;annonce et des clivages.<\/p>\n<p>Notre ambition est claire :\u00a0<strong>pr\u00e9parer l&rsquo;avenir tout en prenant soin du Vinon d&rsquo;aujourd&rsquo;hui<\/strong>. Am\u00e9liorer le cadre de vie, accompagner les transitions, renforcer les solidarit\u00e9s, soutenir les initiatives locales et garantir une gestion responsable des finances communales.<\/p>\n<p>Dans un\u00a0contexte <strong>national et international incertain<\/strong>, marqu\u00e9 par de fortes contraintes financi\u00e8res pesant sur les collectivit\u00e9s, nous avons fait un choix assum\u00e9 :\u00a0<strong>privil\u00e9gier des engagements sinc\u00e8res et r\u00e9alisables<\/strong> <strong>plut\u00f4t que des promesses spectaculaires mais fragiles<\/strong>.\u00a0L&rsquo;ambition que nous portons pour Vinon n&rsquo;est pas celle des grands projets annonc\u00e9s sans garantie, mais celle d&rsquo;actions concr\u00e8tes, construites pas \u00e0 pas, en fonction des r\u00e9alit\u00e9s, des moyens et des besoins du territoire.<\/p>\n<p>Unis pour Vinon, c&rsquo;est une \u00e9quipe qui partage des valeurs communes, une m\u00e9thode et une vision :\u00a0<strong>avancer avec pragmatisme et transparence<\/strong><strong>,<\/strong> pour construire une relation de proximit\u00e9 et de confiance durable avec les Vinonnaises et les Vinonnais.<\/p>\n\n<p><strong>Claude Cheilan pour le groupe \u00ab\u00a0Unis pour Vinon\u00a0\u00bb<\/strong><\/p>\n<figure itemscope itemtype=\"https:\/\/schema.org\/ImageObject\">\n\t\t\t\t<a href=\"https:\/\/unis-pour-vinon.fr\/2026\/accueil\/\"  target=\"_blank\" rel=\"noopener\"  itemprop=\"url\">\n\t\t\t\t<img decoding=\"async\" src=\"https:\/\/unis-pour-vinon.fr\/2026\/wp-content\/uploads\/2025\/12\/Photo-de-profil-FB-5.png\" alt=\"Photo de profil FB 5\" height=\"960\" width=\"960\" title=\"Photo de profil FB 5\" onerror=\"this.style.display='none'\" loading=\"lazy\" \/>\n\t\t\t\t<\/a>\n\t<\/figure>\n\n","protected":false},"excerpt":{"rendered":"<p>Unis pour Vinon Pour Vinon, nous partageons un\u00a0attachement profond \u00e0 notre commune, \u00e0 notre cadre de vie, \u00e0 son \u00e9nergie et \u00e0 celles et ceux qui la font vivre chaque jour. La liste Unis pour Vinon est n\u00e9e d&rsquo;une conviction simple : l&rsquo;avenir de notre village se construit collectivement, dans le respect, l&rsquo;\u00e9coute et le&hellip;<\/p>\n","protected":false},"author":2,"featured_media":0,"parent":0,"menu_order":0,"comment_status":"closed","ping_status":"closed","template":"tpl-no-header-footer.php","meta":{"footnotes":""},"class_list":["post-12","page","type-page","status-publish","hentry"],"_links":{"self":[{"href":"https:\/\/unis-pour-vinon.fr\/2026\/wp-json\/wp\/v2\/pages\/12","targetHints":{"allow":["GET"]}}],"collection":[{"href":"https:\/\/unis-pour-vinon.fr\/2026\/wp-json\/wp\/v2\/pages"}],"about":[{"href":"https:\/\/unis-pour-vinon.fr\/2026\/wp-json\/wp\/v2\/types\/page"}],"author":[{"embeddable":true,"href":"https:\/\/unis-pour-vinon.fr\/2026\/wp-json\/wp\/v2\/users\/2"}],"replies":[{"embeddable":true,"href":"https:\/\/unis-pour-vinon.fr\/2026\/wp-json\/wp\/v2\/comments?post=12"}],"version-history":[{"count":11,"href":"https:\/\/unis-pour-vinon.fr\/2026\/wp-json\/wp\/v2\/pages\/12\/revisions"}],"predecessor-version":[{"id":578,"href":"https:\/\/unis-pour-vinon.fr\/2026\/wp-json\/wp\/v2\/pages\/12\/revisions\/578"}],"wp:attachment":[{"href":"https:\/\/unis-pour-vinon.fr\/2026\/wp-json\/wp\/v2\/media?parent=12"}],"curies":[{"name":"wp","href":"https:\/\/api.w.org\/{rel}","templated":true}]}}